 the prime factors of w(-15)?
3, 1289
What are the prime factors of 2183 + 1/((-2)/8)?
2179
Let g be 150/36 - 2/12. Let w = 54 - g. What are the prime factors of w?
2, 5
Suppose 49*h = 67371 + 44202. What are the prime factors of h?
3, 11, 23
Suppose 0 = y - 5*d + 3, 0 = 2*y + 4*d + d - 9. Suppose -c = y*c - 90. What are the prime factors of c?
2, 3, 5
Suppose 13*j - 24258 = -4329. What are the prime factors of j?
3, 7, 73
Suppose -3*t - w = -0*t - 3277, 0 = -3*w - 15. What are the prime factors of t?
2, 547
Let b(l) = -2*l**3 + 14*l**2 - 12*l + 18. Let p(v) = 3*v**3 - 27*v**2 + 24*v - 35. Let y(a) = -5*b(a) - 3*p(a). List the prime factors of y(-11).
3, 7
Let q(u) = u - 1. Let r(v) = -4*v**2 + 1. Let t(w) = -2*q(w) - r(w). Let n be t(1). Suppose n*j = -0*b - 3*b + 33, 5*b = -2*j + 40. List the prime factors of b.
2, 3
Let c be 2*2*33/12. Suppose 2*r = 9 + c. Suppose r = -2*g, 10*i + 4*g = 5*i + 40. What are the prime factors of i?
2, 3
Suppose -3*w = -9, -w + 6977 + 7261 = 5*g. What are the prime factors of g?
3, 13, 73
Suppose 0 = -3*h + 2*i - 43, 3*h = 2*h - i - 11. Let a be (2/(-3))/((-30)/(-225)). Let f = a - h. What are the prime factors of f?
2
Suppose 4*v = 9*v + 4*n - 3977, -3962 = -5*v + n. List the prime factors of v.
13, 61
Suppose 11 = -4*q + 27, -5*o + 6 = -q. Suppose -151 = -5*d - 2*a, -o*d + 9*a - 14*a = -52. What are the prime factors of d?
31
Let v be 6*6/(-54) + (-2644)/(-6). Suppose -a - 531 = -4*u - 168, 5*u = 4*a + v. List the prime factors of u.
2, 23
Let a(x) = -384*x - 1280. List the prime factors of a(-7).
2, 11
Let a(b) = 25*b**2 + 2*b - 1. Let m be a(-2). Suppose 12*y - 13*y = -m. Let o = y + -54. List the prime factors of o.
41
Suppose -10*a = -11*a. Suppose 0 = -j + 5*u + 141, -5*u = -a*j - 2*j + 267. Suppose 0*x + j = 4*y - 2*x, -y - 5*x = -26. List the prime factors of y.
31
Let i be (44/55)/(2/(-115)). Let l = -20 - i. What are the prime factors of l?
2, 13
Let o be (1 - -2) + -5 + 39. Suppose -4*w + o = -3*a - 0*a, -2*w + 3*a + 11 = 0. Let m = 27 - w. What are the prime factors of m?
2, 7
Let a be 4/(3*2/21). Let w = 37 + a. List the prime factors of w.
3, 17
Let m = 10 + 0. Let b(v) = 1 - 3*v - m - v + 8. What are the prime factors of b(-4)?
3, 5
Suppose 2*c + 2*c - 4832 = 3*v, -2*c - 2*v = -2416. List the prime factors of c.
2, 151
Suppose -2*q + 24 = -5*f, 4*q - 14 = 5*f + 14. Let n be -8 - q - (-2 - -3). List the prime factors of (-284)/n - 10/(-55).
2, 13
List the prime factors of (36/(-10) - -4)/((-2)/(-400)).
2, 5
Let b(j) = -j**2 - 22*j - 44. Let q be b(-15). Let r = q - 23. List the prime factors of r.
2, 19
Suppose -3 = -d - j, 2*j + 3 + 3 = 4*d. Suppose 4*k + 48 = 4*a, d*k + 24 = 2*a + 2*a. List the prime factors of 4 + -2 - (k - -1).
13
Suppose 4*n - 5 = 11. Suppose -3*q - 2*q - f + 315 = 0, q - 63 = -n*f. What are the prime factors of q?
3, 7
Let b = -1537 - -2537. List the prime factors of b.
2, 5
What are the prime factors of 11 + (-46189)/(-34) + 3/2?
3, 457
Let l be ((-4)/(-2))/(0 + -2). Let c(o) = 9*o + 1. Let q be c(l). Let z(i) = i**2 + 6*i - 1. What are the prime factors of z(q)?
3, 5
Suppose -3*u - 282 = -5*r + 190, 2*r + 2*u - 192 = 0. What are the prime factors of r?
5, 19
Let x(b) = 9*b**2 - 61*b + 11. List the prime factors of x(8).
3, 11
Suppose 0 = -4*h - 5*z + 407, h = -2*h + 4*z + 344. Suppose 0 = -5*p + p + h. List the prime factors of p.
3
Let q be ((-72)/(-15))/(6/160). Suppose -52 = -3*n + q. What are the prime factors of n?
2, 3, 5
Let d(k) = -5*k - 8. Let l be d(-2). What are the prime factors of (-12 + l)*(-306)/30?
2, 3, 17
Let y = -12 + 17. Suppose 12 = -2*a - 2*a, -4*a = -y*w + 222. What are the prime factors of w?
2, 3, 7
Let v = -1115 + 1243. List the prime factors of v.
2
List the prime factors of (2/(-4)*-2)/(10/2400).
2, 3, 5
Let l be -3 - (-203)/1 - 5. Suppose -3*b - 3*h = -l, 0*b = 3*b - h - 187. What are the prime factors of b?
3, 7
Let w be (-2)/(-4)*(-6 + 28). Let i(v) = 2 + w + v - 2. List the prime factors of i(9).
2, 5
Let y = -73 + 92. Suppose -s + 29 = y. List the prime factors of s.
2, 5
Let o(z) be the first derivative of z**3/3 + 7*z**2/2 + 2. Let u be o(-6). Let q = u - -35. List the prime factors of q.
29
Suppose 0 = -4*a - a. Suppose a*m - 226 = -m. Suppose 44 = 6*j - m. What are the prime factors of j?
3, 5
Let q = 3408 + -1943. List the prime factors of q.
5, 293
Let r = -14 - -10. List the prime factors of (249 - 3) + -2 + (r - -8).
2, 31
List the prime factors of (-1 + 2 - -5) + 98.
2, 13
Suppose 4*u + 0*u - 328 = 4*j, 0 = -3*u + 4*j + 242. Let a = 120 - u. List the prime factors of a.
2, 17
Let j(l) = l**2 - 9*l + 18. Let i be j(9). List the prime factors of 122*3*3/i.
61
Let i(d) = -9*d - 3. Let v(g) = g**2 + 5*g + 2. Let c be v(-4). List the prime factors of i(c).
3, 5
Let c be 1 + (4 - 8) - -31. What are the prime factors of (21/3)/(4/c)?
7
Let r(h) = 4*h - 39. Let y be r(-9). What are the prime factors of 30/y - (0 - (-987)/(-5))?
197
Suppose -10 = -3*t + 35. Let m = 17 - 5. Let s = m + t. What are the prime factors of s?
3
Suppose 8*i - 23732 = -1260. List the prime factors of i.
53
Let u = -3 - 11. Let v = u - -33. Let f = 32 - v. List the prime factors of f.
13
Suppose 704 = 2*q + 198. List the prime factors of q.
11, 23
Suppose 5*b = -4*i + 38, 0 = 4*i - 3*i + 3*b - 6. Let t be (-42)/(1*i/(-8)). Suppose 8*z - 9*z = -t. List the prime factors of z.
2, 7
Let b(u) = u**3 + 2*u**2 - u + 278. List the prime factors of b(0).
2, 139
Suppose 2*h + 4 = b - 8, 3*h = -5*b - 5. Let q(n) = 2*n + 1. Let k be q(b). What are the prime factors of 3/(((-10)/(-18))/k)?
3
Let n(c) = -6*c**2 + 6*c + 9. Let h(s) = -s**2 + s. Let d(f) = 5*h(f) - n(f). What are the prime factors of d(10)?
3
Let a be 2/(-4)*(-2)/(-1). Let w be a - -4 - (-30)/(-10). What are the prime factors of w*3/9 - -27?
3
Suppose 5*u - 10 = 5. Suppose -l + u*s = -10, -l - 2*s - 8 = -2*l. Suppose -6 = -5*m + l. List the prime factors of m.
2
Let m(f) be the third derivative of f**2 - 19/6*f**3 + 5/24*f**4 + 0*f + 0. What are the prime factors of m(14)?
3, 17
Suppose 2978 = 8*z - 558. What are the prime factors of z?
2, 13, 17
Let j = -17 + 4. List the prime factors of (j - -553)*2/5.
2, 3
Suppose 0 = 5*i + 4*z + 1, -3*i - 1 = -z + 3. What are the prime factors of 8/20*(336 + i)?
2, 67
Let u be 0*(3 - 1)/2. Suppose u*f + 3*f - 801 = 0. List the prime factors of f.
3, 89
Let t = 654 + -329. List the prime factors of t.
5, 13
What are the prime factors of (2*(-3)/18)/(12/(-60732))?
7, 241
Suppose -5*f - 3*x + 66 = -94, -3*f - x = -92. Let j = f + 13. What are the prime factors of j?
2, 3, 7
Let h(t) = t**2 - 3*t - 2. Let c be h(4). Let q be c/(-1)*-2*1. Suppose 4*l - 5 = 4*b + 15, -q*b = l - 10. List the prime factors of l.
2, 3
Let i(z) = 3*z**3 - 8*z**2 + 13*z - 35. What are the prime factors of i(5)?
5, 41
Suppose 6 = 2*q, 0 = -4*w + 2*q + 2*q + 4. Let r = w - -4. Suppose r = k - 11. List the prime factors of k.
19
Suppose -40*k + 4262 = -38*k. List the prime factors of k.
2131
Let s(n) = n**2 - 15*n + 17. Let z be s(14). Suppose -2*t = t + 4*b - 166, 2*b = -z*t + 170. List the prime factors of t.
2, 29
Let o be (-2)/(10/4 + -3). Suppose o*y = -y + 115. What are the prime factors of y?
23
Let m(c) = 3*c + 48. What are the prime factors of m(-15)?
3
Suppose -7*c = -2*c + 2*g + 14, -2*c = -2*g + 14. List the prime factors of 15 + (0 - (-1 - c)).
2, 3
Let q = -182 + 271. Let o = q + -51. List the prime factors of o.
2, 19
Let w = 189 + -96. Suppose -5*q + 106 = v, -2*v + 95 = -2*q - w. List the prime factors of v.
2, 3
Suppose -5*o = -811 - 954. Suppose -5*b - 836 + o = -3*h, -3*h + 2*b + 483 = 0. What are the prime factors of h?
7, 23
Let r be ((-12)/16)/(1*3/(-12)). Suppose n + 2*n + 259 = 5*a, r*a - 4*n = 151. List the prime factors of a.
53
Let a = -37 - -81. Suppose -2*x - x = 5*m - 253, -385 = -5*x - m. Let l = x - a. List the prime factors of l.
2
Suppose -2*h - 3*n + 1 = 0, 2*n = -2*h + 5 - 1. Suppose -h*v = -3*t + 9, 3*t = 3 - 9. What are the prime factors of (2 - 1)*27 + v?
2, 3
Let j(i) = -2*i - 8. Let q be j(-5). Suppose r + r - 10 = -q*a, 5*a - 28 = -2*r. Suppose 0 = -a*z + z + 150. List the prime factors of z.
2, 3, 5
Let k(f) = 30 - 18 + 17 - 34*f + 2*f. What are the prime fa